ose 572*b - 107026990 + 21820021 = 39974659. Is b a prime number?
True
Let i = 2066 - -4714. Let q = i + 2219. Is q a composite number?
False
Let x(y) = -2*y**3 - 107*y**2 - 196*y - 1200. Is x(-77) a composite number?
True
Let a = -1042 - 22. Let b = a - -5763. Is b a prime number?
False
Suppose i - c - 12 = 2*c, -5*i + 6 = 3*c. Suppose 0*o - 5*o + 710 = -2*v, 4*v = -i*o + 400. Suppose s = 11*s - o. Is s a prime number?
False
Suppose -50650222 = -1014*d + 916*d. Is d a composite number?
False
Let y be ((-12)/(-8))/((-3)/(-8)). Suppose 2*t = 3*j + 15, 6*j - 3*j = y*t - 39. Is 773/3 + (-8)/t composite?
False
Suppose 3*v = -i + 304, -5*i + 38 - 518 = -5*v. Suppose 2*f = -3*q - 158, -q - 4*f - v = q. Is (-866)/(-8) + (q/(-24))/3 composite?
False
Let p be (-5 + 4)*(-28 - -9). Let v(u) = u**3 - 4*u**2 - 85*u + 33. Is v(p) a composite number?
False
Suppose -u = 4220 + 8288. Let z = u - -19269. Is z a prime number?
True
Let v(m) = -10*m + 104. Let j be v(10). Suppose 3*a - 2160 = -4*s + 133253, 0 = -3*a + j*s + 135445. Is a composite?
True
Let m = -162488 - -227610. Is m prime?
False
Is (-3865)/(-1546)*60924/10 a composite number?
True
Let d be (1/(-3))/((-7)/73962*-2). Let s = d - -9400. Is s prime?
True
Suppose -q = -62 - 442. Suppose -4*f = -2*f - q. Let g = f - -461. Is g a composite number?
True
Is 306341 - (59 + -107)*1/(-4) a composite number?
False
Let m(l) be the first derivative of 509*l**2/2 - 20*l - 4. Let p be m(5). Let g = -1618 + p. Is g a prime number?
True
Suppose -i - 11 = 15*c - 13*c, 5*i + c = -100. Is 0 - 1 - (i + -1451) composite?
False
Suppose 5*r = -v + 30, v + r = -3*v + 25. Suppose -2*y = 4*i - 3*y - 7, 2*i = -v*y + 31. Suppose 4*s + i*s - 5593 = 0. Is s composite?
True
Let d(h) = -3 + 0 - 68*h - 48478*h**2 + 48495*h**2. Is d(20) prime?
True
Suppose 3*v + 26797 = 4*h, 5*v - 17867 = 7*v - 5*h. Let d = -4982 - v. Is d a composite number?
True
Suppose 25864 = 3*t - g, -g - 8519 = -2*t + 8725. Suppose 61*i - 65*i + t = 0. Is i composite?
True
Let h be 2 - 3 - (-1 + -2). Suppose h*v = -3*v + 20. Suppose -k = k - v, 5*k = 3*n - 1049. Is n prime?
True
Let z(t) = 235*t**3 - 10*t**2 + 313*t + 23. Is z(14) composite?
True
Is (-4)/((-29)/(8203549/4)) composite?
False
Suppose 499*u - 45116862 = 97*u. Is u composite?
True
Let l be 56*(-1 - 1/(-2)). Let h = l - -31. Suppose 0 = h*i - 460 - 461. Is i a prime number?
True
Suppose -9*f + 13 = -14. Let a(n) = 5*n**2 - 14*n - 7. Let y(j) = 6*j**2 - 14*j - 7. Let l(q) = f*a(q) - 2*y(q). Is l(12) a prime number?
True
Let l be 26/(-26)*(-1 - -4 - 0). Let f(v) = -125*v**3 - v**2 - 9*v - 22. Is f(l) a composite number?
False
Let q be 11*-233*((4 - 1) + -4). Let l = q - -3892. Suppose -k - l = -6*k. Is k prime?
True
Suppose 85*m = 76*m - 45. Is -1 + (-7 - m) + 1500 a composite number?
True
Suppose -2*d + 571306 = 4*s - 508910, 3*d = 3*s + 1620369. Is d a prime number?
False
Let m(d) = 7*d + 48. Let x be m(-6). Is (-2*(-1611)/(-12))/((-3)/x) prime?
False
Suppose 0 = -n - n + 4. Suppose 5*d = 4*m - m + 16, -2*m - 8 = -n*d. Suppose d*a + 5*z - 139 = 0, 3*z + 0*z = -4*a + 257. Is a composite?
True
Let v(k) = -1688*k**2 - 8*k - 4. Let a be v(-2). Is -2 + (-6)/6 - a prime?
True
Suppose 10*u - 7 = 33. Suppose 182 - 12 = 2*d - 2*m, -3*m = -u*d + 344. Is d a composite number?
False
Suppose 10*q - 419210 = -35380. Is q a prime number?
False
Let g(t) = -t**3 - 6*t**2 + 17*t + 70. Let s be g(-7). Suppose -877*h + 871*h + 7542 = s. Is h prime?
False
Suppose 0 = -2*s - 35 - 87. Let z = s + 78. Is z/((-4)/12 + (-100)/(-291)) composite?
True
Suppose 16*u - 4*a - 23775 = 11*u, 3*a - 4774 = -u. Is u a composite number?
False
Suppose v - 108 = 36. Let z = v + -28. Let j = z + 563. Is j a prime number?
False
Let s = 64 - 44. Suppose 40*q - 44*q = -s. Suppose a = l + 325, -5*a - q*l - 584 + 2249 = 0. Is a a prime number?
False
Let g be (-19)/(171/27)*(-1)/(-3). Is 5*g/15*-3453 prime?
True
Let k = 26327 + -14694. Is k prime?
True
Is 55/5 + -25 + 224075 prime?
False
Let o(r) be the third derivative of r**5/30 - 5*r**4/24 + r**3/2 + 15*r**2. Let b be o(2). Is b/3 + (-8304)/(-9) composite?
True
Let a be 7 - (17 + -5)/4. Suppose 0 = -4*c - 2*q + 20636, -5*q - 16 = a. Is c a prime number?
False
Suppose 0 = 5*r - 4911 - 629. Suppose 2*y = -3*q + 451, 6*y = y - q + r. Is y composite?
True
Suppose -14*b - 54 = 114. Is 8/2 + 4979 + b composite?
True
Suppose -18 = 4*z - 34. Let k(a) = a**3 - a**2 + 4*a + 4. Let u be k(z). Suppose -m = -5*s - 60, -3*m + 2*s = -u - 99. Is m a composite number?
True
Let m(s) = -80*s**2 + 5*s + 4. Let v(t) be the first derivative of -241*t**3/3 + 15*t**2/2 + 11*t - 34. Let o(g) = 8*m(g) - 3*v(g). Is o(-5) prime?
True
Let n = 341090 - 219327. Is n a composite number?
False
Let i = -37 - -38. Let o be (i + -4)/(-6) - (-2)/4. Let y(c) = 309*c + 2. Is y(o) a prime number?
True
Let r(h) be the third derivative of -h**6/120 - h**5/12 + 5*h**4/24 - h**3/3 + 13*h**2. Let g be r(-6). Is 79 + (-4)/(g*2/(-6)) a prime number?
False
Let w = 76 + -96. Let b(o) = -o**3 - 21*o**2 - 17*o - 26. Let f be b(w). Let g = f + 132. Is g a composite number?
True
Suppose 5315193 = 93*i - 2588784. Is i a prime number?
False
Let l = -1471 - -3425. Suppose -l = -6*x + 2084. Is x prime?
True
Let q = 332034 - 141882. Suppose -14*j + q + 128642 = 0. Is j a composite number?
True
Let q = 26088 + -12427. Is q a composite number?
True
Let a be 4/44 - (-39960)/33. Suppose 0 = y + 4*r - a, 0*y + 4*y + 5*r - 4844 = 0. Is y prime?
False
Let u(a) = -132*a**2 + a. Let g be 6/(-4)*(-20)/30. Let k be u(g). Let v = 290 + k. Is v composite?
True
Let l be 3*-29*7/21. Let r(f) = -f**3 - 2*f**2 + 29*f - 51. Is r(l) a composite number?
True
Let l be 2*2286/(-8)*(-4)/(-3). Let c = -19 - l. Is c a composite number?
False
Let w(m) = -7834*m**3 - 2*m**2 + 7*m + 19. Is w(-4) a prime number?
False
Let z(i) = -1121*i**3 + 2*i**2 - 24*i - 65. Is z(-4) a prime number?
True
Let n = 85 - 57. Suppose 0 = n*p - 33*p + 10. Suppose -5*v + 9250 = -g - 2*g, -4*g + 3674 = p*v. Is v prime?
True
Suppose 2080978 = 14*p - 224796 - 1137568. Is p a prime number?
False
Let j(b) = b**2 + 11*b + 30. Let s be j(-4). Suppose 4224 + 23654 = s*o. Is o composite?
True
Suppose -66*j + 12310007 + 20351611 = 0. Is j prime?
True
Let j(f) = 19*f**2 + 26*f - 11. Let n(c) = -10*c**2 - 13*c + 5. Let v(a) = 6*j(a) + 11*n(a). Let g be (-7 - 0) + (0 - 3). Is v(g) a prime number?
False
Let s(t) = 188*t + 1. Suppose 0 = -5*a + 2*a + 6. Suppose -a = -11*q + 20. Is s(q) composite?
True
Let d be (-30)/(-9)*1 - 24/72. Suppose 3*q - 1900 + 115 = -3*t, 2943 = 5*t - d*q. Is t a composite number?
True
Let a = -2299848 - -3441389. Is a composite?
False
Suppose 3*q - 45 = -9. Suppose 12 = -q*v + 14*v. Let o(y) = 82*y - 5. Is o(v) a prime number?
True
Let u = -303 + 305. Suppose -11*c = -u*r - 8*c + 3538, 1767 = r - c. Is r prime?
False
Let h = 41 - 38. Suppose -q - 2*q = -4*j + 1698, -h*j + 2*q + 1274 = 0. Suppose -z + 2*f = -597, -3*f + j = z - 146. Is z a prime number?
True
Let o(w) = 31*w + 162. Let f be o(-5). Suppose 0 = -f*v - 111065 + 309872. Is v a composite number?
True
Let s(v) = 463*v + 14728. Is s(103) a prime number?
True
Let x(i) = -i**2 + 15*i + 20. Let m be x(16). Suppose m*c + 2*c = 65874. Is c prime?
True
Let b = -54 + 50. Let o(d) = 34*d**2 + 11*d - 7. Is o(b) composite?
True
Suppose -5*f = 62*z - 67*z - 100885, -4*z = -2*f + 40342. Is f a prime number?
True
Let q(n) = 222*n**2 - 29*n. Let k be q(8). Let o = k + -6975. Is o composite?
False
Is 4/(-78) + (-12790686)/(-234) prime?
False
Let n(t) = -t**2 - t - 1. Let f(o) = 394*o**2 + 7*o + 4. Let a(i) = f(i) + 4*n(i). Let b(c) = -130*c**2 - c. Let z(s) = 3*a(s) + 8*b(s). Is z(-1) composite?
True
Suppose 0 = -24*a + 13309 + 269891. Suppose -2*b - 5*m = -11804, m = -2*b - 2*m + a. Is b prime?
True
Let k(v) = 51*v - 70 - 9*v + 39. Let b = -40 + 56. Is k(b) composite?
False
Let x = -12 - -69. Let c be x/6 + (-6)/4. Suppose c*r - 442 = 6*r. Is r a composite number?
True
Suppose -4*k + 8 = -2*a, -4*k + 5*a + 0 = -2. Let c be ((-5)/2)/((-2)/4). Suppose k*w - 140 = v, 4*w + c*v - 242 + 49 = 0. Is w composite?
False
Suppose 0 = 9*m + 9 - 45. Suppose 0 = -4*u + h + 35223, -3*h + 17609 = 2*u - m*h. Is u a composite number?
False
Let k = -2 - -